{"id":2002,"date":"2016-09-28T15:00:19","date_gmt":"2016-09-28T15:00:19","guid":{"rendered":"http:\/\/sites.cardiff.ac.uk\/medow\/?page_id=2002"},"modified":"2019-10-11T08:51:38","modified_gmt":"2019-10-11T08:51:38","slug":"journal-articles","status":"publish","type":"page","link":"https:\/\/sites.cardiff.ac.uk\/medow\/dissemination\/journal-articles\/","title":{"rendered":"Journal articles"},"content":{"rendered":"<div id=\"react-root\" class=\"react-root\">\n<div class=\"App\">\n<div class=\"page grid\">\n<div class=\"row\">\n<div class=\"col-p-3-3\">\n<section>\n<div class=\"Article\">\n<div class=\"article-wrapper\">\n<div class=\"cl-m-3-3 cl-t-6-9 cl-l-6-12 pad-left pad-right\" role=\"main\">\n<div class=\"Banner\">\n<div class=\"wrapper truncated\">\n<div><\/div>\n<\/div>\n<\/div>\n<\/div>\n<\/div>\n<div class=\"article-wrapper\">\n<div class=\"cl-m-3-3 cl-t-6-9 cl-l-6-12 pad-left pad-right\" role=\"main\">\n<div class=\"Banner\">\n<div class=\"wrapper truncated\">\n<div class=\"AuthorGroups\"><\/div>\n<\/div>\n<\/div>\n<\/div>\n<\/div>\n<\/div>\n<\/section>\n<\/div>\n<\/div>\n<\/div>\n<\/div>\n<\/div>\n<p>T.Joseph, C. E. Ugalde-Loo, S. Balasubramaniam, J. Liang and G.Li, \u201c<a href=\"https:\/\/eur03.safelinks.protection.outlook.com\/?url=https%3A%2F%2Fieeexplore.ieee.org%2Fabstract%2Fdocument%2F8744591&amp;data=01%7C01%7CDaviesM75%40cardiff.ac.uk%7C1f176d2401a74c2e295908d74d67fcf8%7Cbdb74b3095684856bdbf06759778fcbc%7C1&amp;sdata=6YEAuxzS%2Bn%2B9owD6QImhzs5C4NrS3Tz9ybNmo0w8FWM%3D&amp;reserved=0\">Experimental Validation of an Active Wideband SSR Damping Scheme for Series-Compensated Networks<\/a>,\u201d <em>IEEE Trans. Power Del., <\/em>Jun. 2019. (Early Access) DOI: 10.1109\/TPWRD.2019.2924730<\/p>\n<p>G.Li, J. Liang, F. Ma, C. E. Ugalde-Loo and H. Liang, \u201c<a href=\"https:\/\/eur03.safelinks.protection.outlook.com\/?url=https%3A%2F%2Fieeexplore.ieee.org%2Fstamp%2Fstamp.jsp%3Farnumber%3D8352042&amp;data=01%7C01%7CDaviesM75%40cardiff.ac.uk%7C1f176d2401a74c2e295908d74d67fcf8%7Cbdb74b3095684856bdbf06759778fcbc%7C1&amp;sdata=5VhO1%2BmPulc5FmDfEnGTEIHMYnFAeA8HJL0AvgoZgoM%3D&amp;reserved=0\">Analysis of Single-Phase-to-Ground Faults at the Valve Side of HB-MMC in HVDC Converter Stations<\/a>,\u201d <em>IEEE Trans. Ind. Electron.,<\/em> vol. 66, no. 3, pp. 2444-2453, March 2019. DOI: 10.1109\/TIE.2018.2829666.<\/p>\n<p>L.Zhang, J. Liang, W. Tang, G.Li, Y. Cai and W. Sheng, \u201c<a href=\"https:\/\/eur03.safelinks.protection.outlook.com\/?url=https%3A%2F%2Fieeexplore.ieee.org%2Fstamp%2Fstamp.jsp%3Ftp%3D%26arnumber%3D8242673&amp;data=01%7C01%7CDaviesM75%40cardiff.ac.uk%7C1f176d2401a74c2e295908d74d67fcf8%7Cbdb74b3095684856bdbf06759778fcbc%7C1&amp;sdata=7MUAzVnpE6rE9DLkkDjhLUH6vENx5imPp4MSjD2%2BDfI%3D&amp;reserved=0\">Converting AC Distribution Lines to DC to Increase Transfer Capacities and DG Penetration<\/a>,\u201d <em>IEEE Trans. Smart Grid,<\/em> vol. 10, no. 2, pp. 1477-1487, March 2019. DOI: 10.1109\/TSG.2017.2768392<\/p>\n<p>G.Li, \u201c<a href=\"https:\/\/eur03.safelinks.protection.outlook.com\/?url=https%3A%2F%2Fe-cigre.org%2Fpublication%2FELT_301-december-2018&amp;data=01%7C01%7CDaviesM75%40cardiff.ac.uk%7C1f176d2401a74c2e295908d74d67fcf8%7Cbdb74b3095684856bdbf06759778fcbc%7C1&amp;sdata=JuC3pHHVITLVm1W3IOZZwUAx7hY6dCoqwTk45lbkSks%3D&amp;reserved=0\">CIGRE Thesis Award 2018: Dr Gen Li<\/a>,\u201d <em>CIGRE Electra<\/em>, no. 301, pp.8, Dec. 2018.<\/p>\n<p>T.Joseph, C. E. Ugalde-Loo, S. Balasubramaniam and J. Liang, &#8220;<a href=\"https:\/\/www.researchgate.net\/publication\/326431327_Real-Time_Estimation_and_Damping_of_SSR_in_a_VSC-HVDC_Connected_Series-Compensated_System\">Real-Time Estimation and Damping of SSR in a VSC-HVDC Connected Series-Compensated System,<\/a>&#8221; in <em>IEEE Transactions on Power Systems<\/em>, vol. 33, no. 6, pp. 7052-7063, Nov. 2018. doi: 10.1109\/TPWRS.2018.2854641<\/p>\n<p>G.Li, \u201c<a href=\"https:\/\/eur03.safelinks.protection.outlook.com\/?url=https%3A%2F%2Fe-cigre.org%2Fpublication%2FCSE012-cse-012&amp;data=01%7C01%7CDaviesM75%40cardiff.ac.uk%7C1f176d2401a74c2e295908d74d67fcf8%7Cbdb74b3095684856bdbf06759778fcbc%7C1&amp;sdata=yutJcP%2BFV2ZG9iIchSB7coYUxAW8WVPSuOrwl4YoDDA%3D&amp;reserved=0\">Analysis and Protection of HVDC Systems subject to AC and DC Faults<\/a>,\u201d <em>CIGRE Science &amp; Engineering<\/em>, vol. 12, pp. 109-120, Oct. 2018.<\/p>\n<p>Q.Mu, J. Liang, X. Zhou, G.Li, X. Zhang, \u201c<a href=\"https:\/\/eur03.safelinks.protection.outlook.com\/?url=https%3A%2F%2Fieeexplore.ieee.org%2Fstamp%2Fstamp.jsp%3Ftp%3D%26arnumber%3D8468677&amp;data=01%7C01%7CDaviesM75%40cardiff.ac.uk%7C1f176d2401a74c2e295908d74d67fcf8%7Cbdb74b3095684856bdbf06759778fcbc%7C1&amp;sdata=VejCK4Ws90S%2F4uSlsLLAZ7SfpLXpr%2Bf0yLcenHd3R0c%3D&amp;reserved=0\">A node splitting interface algorithm for multi-rate parallel simulation of DC grids<\/a>,\u201d\u00a0<em>CSEE Journal of Power and Energy Systems<\/em>, vol. 4, no. 3, pp. 388-397, Sept. 2018. DOI:10.17775\/CSEEJPES.2017.01170<\/p>\n<p>T.Joseph, C. E. Ugalde-Loo, J. Liang and P. F. Coventry, &#8220;<a href=\"https:\/\/ieeexplore.ieee.org\/document\/8336875\">Asset Management Strategies for Power Electronic Converters in Transmission Networks: Application to HV dc and FACTS Devices<\/a>,&#8221; in <em>IEEE Access<\/em>, vol. 6, pp. 21084-21102, 2018.\u00a0doi: 10.1109\/ACCESS.2018.2826360<\/p>\n<p>Wu G, Liang J, Zhou X, Li Y, Egea-Alvarez A, Li G, Peng H, Zhang X. <a href=\"https:\/\/ieeexplore.ieee.org\/stamp\/stamp.jsp?arnumber=7976158\">Analysis and design of vector control for VSC-HVDC connected to weak grids<\/a>. CSEE Journal of Power and Energy Systems. 2017 Jul 13;3(2):115-24.<\/p>\n<p><span style=\"float: none;background-color: transparent;color: #191e23;cursor: text;font-family: 'Noto Serif';font-size: 16px;font-style: normal;font-variant: normal;font-weight: 400;letter-spacing: normal;text-align: left;text-decoration: none;text-indent: 0px;text-transform: none\">Muhammad Raza, Carlos Collados, Oriol Gomis-Bellmunt (2017) <\/span><a href=\"http:\/\/www.sciencedirect.com\/science\/article\/pii\/S0306261917312096\">Reactive power management in an offshore AC network having multiple voltage source converters<\/a><span style=\"float: none;background-color: transparent;color: #191e23;cursor: text;font-family: 'Noto Serif';font-size: 16px;font-style: normal;font-variant: normal;font-weight: 400;letter-spacing: normal;text-align: left;text-decoration: none;text-indent: 0px;text-transform: none\">\u00a0\u00a0Applied Energy. DOI: 10.1016\/j.apenergy.2017.08.182<\/span><\/p>\n<p><span style=\"float: none;background-color: transparent;color: #191e23;cursor: text;font-family: 'Noto Serif';font-size: 16px;font-style: normal;font-variant: normal;font-weight: 400;letter-spacing: normal;text-align: left;text-decoration: none;text-indent: 0px;text-transform: none\">Kevin Sch\u00f6nleber, Eduardo Prieto-Araujo, Sergi Rat\u00e9s-Palau, Oriol Gomis-Bellmunt (2017)\u00a0<\/span><a href=\"http:\/\/www.sciencedirect.com\/science\/article\/pii\/S0378779617302754\">Handling of unbalanced faults in HVDC-connected wind power plants<\/a><span style=\"float: none;background-color: transparent;color: #191e23;cursor: text;font-family: 'Noto Serif';font-size: 16px;font-style: normal;font-variant: normal;font-weight: 400;letter-spacing: normal;text-align: left;text-decoration: none;text-indent: 0px;text-transform: none\"> Electric Power Systems Research.\u00a0DOI:\u00a010.1016\/j.epsr.2017.06.026<\/span><\/p>\n<p><span style=\"float: none;background-color: transparent;color: #191e23;cursor: text;font-family: 'Noto Serif';font-size: 16px;font-style: normal;font-variant: normal;font-weight: 400;letter-spacing: normal;text-align: left;text-decoration: none;text-indent: 0px;text-transform: none\">Mohammad Meraj Alam, Helder Leite, Nuno Silva, and Adriano da Silva Carvalho (2017) <\/span><a href=\"http:\/\/www.sciencedirect.com\/science\/article\/pii\/S0378779617302742\">Performance evaluation of distance protection of transmission lines connected with VSC-HVDC system using closed-loop test in RTDS<\/a><span style=\"float: none;background-color: transparent;color: #191e23;cursor: text;font-family: 'Noto Serif';font-size: 16px;font-style: normal;font-variant: normal;font-weight: 400;letter-spacing: normal;text-align: left;text-decoration: none;text-indent: 0px;text-transform: none\">\u00a0Electric Power Systems Research.\u00a0DOI: 10.1016\/j.epsr.2017.06.025<\/span><\/p>\n<p>Muhammad Raza, Eduardo Prieto-Araujo, Oriol Gomis-Bellmunt (2017) <span class=\"ng-binding\"><a href=\"http:\/\/ieeexplore.ieee.org\/document\/7974808\/\" target=\"_blank\" rel=\"noopener noreferrer\">Small Signal Stability Analysis of Offshore AC Network having Multiple VSC-HVDC System<\/a> IEEE Transactions on Power Delivery. DOI: 10.1109\/TPWRD.2017.2725982.\u00a0<\/span><\/p>\n<p>Ataollah Mokhberdoran, Dirk Van Hertem, Nuno Silva, Helder Leite, Adriano Carvalho (2017) <a href=\"http:\/\/ieeexplore.ieee.org\/document\/7956212\/?reload=true\" target=\"_blank\" rel=\"noopener noreferrer\">Multi-port Hybrid HVDC Circuit Breaker<\/a> IEEE Transactions on Industrial Electronics. DOI: 10.1109\/TIE.2017.2719608.<\/p>\n<p>Ataollah Mokhberdoran, Adriano Carvalho, Nuno Silva, Helder Leite, Antonio Carrapatoso (2017) <a href=\"http:\/\/www.sciencedirect.com\/science\/article\/pii\/S0378779617302390\" target=\"_blank\" rel=\"noopener noreferrer\">Design and implementation of fast current releasing DC circuit breaker<\/a> <em>Electric Power Systems Research Journal.<\/em> DOI: 10.1016\/j.epsr.2017.05.032.<\/p>\n<p>Mohammad Meraj Alam, Helder Leite, Jun Liang, Adriano Carvalho (2017)\u00a0<a href=\"http:\/\/www.sciencedirect.com\/science\/article\/pii\/S0142061516320312\" target=\"_blank\" rel=\"noopener noreferrer\">Effects of VSC based HVDC system on distance protection of transmission lines<\/a>.\u00a0<em>International Journal of Electrical Power &amp; Energy Systems.<\/em> DOI:\u00a010.1016\/j.ijepes.2017.04.012.<\/p>\n<p>Cheah-Mane M., Sainz L., Liang J., Jenkins N., Ugalde Loo C.E (2017) <a href=\"http:\/\/ieeexplore.ieee.org\/document\/7859376\/\" target=\"_blank\" rel=\"noopener noreferrer\">Criterion for the Electrical Resonance Stability of Offshore Wind Power Plants Connected through HVDC Links<\/a>. <em>IEEE Transactions on Power Systems<\/em>. DOI: 10.1109\/TPWRS.2017.2663111. This paper is available <a href=\"http:\/\/ieeexplore.ieee.org\/document\/7859376\/\" target=\"_blank\" rel=\"noopener noreferrer\">open access<\/a>.<\/p>\n<p><span style=\"color: #000000\"><span class=\"ng-binding\">Mokhberdoran, A.,<\/span><!-- end ngIf: ::(($index + 1) !== record.authors.length) -->\u00a0<!-- end ngRepeat: author in ::record.authors --><span class=\"ng-scope\"> <span class=\"ng-binding\">Gomis-Bellmunt, O.,<\/span><\/span><span class=\"ng-scope\"><span class=\"ng-binding\"> Silva, N.,<\/span><\/span><span class=\"ng-scope\"><span class=\"ng-binding\"> Carvalho, A.<\/span><!-- ngIf: ::author.nativeName --><!-- ngIf: ::(($index + 1) !== record.authors.length) -->\u00a0(2017) <a href=\"http:\/\/ieeexplore.ieee.org\/document\/7888560\/\" target=\"_blank\" rel=\"noopener noreferrer\">Current Flow Controlling Hybrid DC Circuit Breaker<\/a>. <em>IEEE Transactions on Power Electronics.<\/em> DOI: 10.1109\/TPEL.2017.2688412<\/span><\/span><\/p>\n<p>Pirooz Azad, S., Van Hertem, D. (2017) <a href=\"http:\/\/ieeexplore.ieee.org\/document\/7523993\/\" target=\"_blank\" rel=\"noopener noreferrer\">A Fast Local Bus Current-Based Primary Relaying Algorithm for HVDC Grids<\/a>. <em>IEEE Transactions on Power Delivery.<\/em> DOI: 10.1109\/TPWRD.2016.2595323<\/p>\n<p><span style=\"text-decoration: underline\">K. Sch\u00f6nleber<\/span>, C. Collados, <span style=\"text-decoration: underline\">R.Teixeira Pinto<\/span>, <span style=\"text-decoration: underline\">S. Rat\u00e9s-Palau<\/span>, <span style=\"text-decoration: underline\">O. Gomis-Bellmunt<\/span> (2017) <a href=\"http:\/\/www.sciencedirect.com\/science\/article\/pii\/S0960148117301738\" target=\"_blank\" rel=\"noopener noreferrer\">Optimization-based reactive power control in HVDC-connected wind power plants<\/a>. <em>Renewable Energy.<\/em>\u00a0DOI: 10.1016\/j.renene.2017.02.081<\/p>\n<p>Ferreira, A.A.,\u00a0Gomis-Bellmunt, O. (2017) \u00a0<a href=\"http:\/\/ac.els-cdn.com\/S037877961730010X\/1-s2.0-S037877961730010X-main.pdf?_tid=eec6904e-e3b8-11e6-b880-00000aab0f02&amp;acdnat=1485429590_b17866486007ef2ca144bf251433258d\" target=\"_blank\" rel=\"noopener noreferrer\">Modular multilevel converter losses model for HVDC applications<\/a>,\u00a0<em>Electric Power Systems Research. <\/em>DOI: 10.1016\/j.epsr.2017.01.010<\/p>\n<p>Mokhberdoran,\u00a0A., Carvalho, A., Silva, N., Leite, H.,\u00a0\u00a0Carrapatoso,A. (2017) <a href=\"http:\/\/dx.doi.org\/10.1016\/j.epsr.2016.09.008\" target=\"_blank\" rel=\"noopener noreferrer\">Application study of superconducting fault current limiters in meshed HVDC grids protected by fast protection relays<\/a>,\u00a0<em>Electric Power Systems Research<\/em>, DOI: <span style=\"color: #000000\">10.1016\/j.epsr.2016.09.008<\/span><\/p>\n<p>Luis Sainz, <span style=\"text-decoration: underline\">Marc Cheah-Ma\u00f1\u00e9<\/span>, Lluis Monjo, <span style=\"text-decoration: underline\">Jun Liang<\/span>, <span style=\"text-decoration: underline\">Oriol Gomis-Bellmunt<\/span> (2016) <a href=\"http:\/\/www.nscj.co.uk\/JECM\/JECM3-4.html\" target=\"_blank\" rel=\"noopener noreferrer\">Wind Power Plant Resonances<\/a>, <em>Journal of Energy Challenges &amp; Mechanics<\/em>.\u00a0This text is available <a href=\"http:\/\/www.nscj.co.uk\/JECM\/PDF\/3-4-1-Sainz_et_al.pdf\" target=\"_blank\" rel=\"noopener noreferrer\">open access<\/a>.<\/p>\n<p>Sakamuri J. N., Rather Z. H., Rimez J., Altin M., Goksu O., Cutululis N.A.(2016) <a href=\"http:\/\/ieeexplore.ieee.org\/document\/7470498\/\" target=\"_blank\" rel=\"noopener noreferrer\">Coordinated Voltage Control in Offshore HVDC Connected Cluster of Wind Power Plants<\/a>, <em>IEEE Transactions on Sustainable Energy<\/em>, DOI: 10.1109\/TSTE.2016.2569430<\/p>\n<p>Adeuyi, O. D., <span style=\"text-decoration: underline\">Cheah-Ma\u00f1\u00e9, M.<\/span>, <span style=\"text-decoration: underline\">Liang, J.<\/span>, &amp; <span style=\"text-decoration: underline\">Jenkins, N.<\/span> (2016) <a href=\"http:\/\/ieeexplore.ieee.org\/document\/7769201\/\" target=\"_blank\" rel=\"noopener noreferrer\">Fast Frequency Response from Offshore Multi-terminal VSC-HVDC (MTDC) Schemes<\/a>. <i>IEEE Transactions on Power Delivery<\/i>. DOI: 10.1109\/TPWRD.2016.2632860<\/p>\n<p>Zhang L., Tang W., <span style=\"text-decoration: underline\">Liang J.<\/span>, <span style=\"text-decoration: underline\">Li G.<\/span>, Cai Y.(2016) <a href=\"http:\/\/www.pcsee.org\/EN\/volumn\/volumn_1640.shtml\" target=\"_blank\" rel=\"noopener noreferrer\">Power-Voltage Coordinated Control in Hybrid AC\/DC Medium Voltage Distribution Networks Based on VSC<\/a>. <em>Proceedings of the CSEE<\/em>. DOI:10.13334\/j.0258-8013.pcsee.152509. This text is available<a href=\"http:\/\/www.pcsee.org\/EN\/volumn\/volumn_1640.shtml\" target=\"_blank\" rel=\"noopener noreferrer\"> open access<\/a>.<\/p>\n<p>Sainz, L., Monjo, L., Pedra, J., <span style=\"text-decoration: underline\">Cheah-Ma\u00f1\u00e9, M.<\/span>, <span style=\"text-decoration: underline\">Liang, J.<\/span>, &amp; <span style=\"text-decoration: underline\">Gomis-Bellmunt, O.<\/span> (2016)<a href=\"http:\/\/ieeexplore.ieee.org\/document\/7869499\/\" target=\"_blank\" rel=\"noopener noreferrer\"> Effect of wind turbine converter control on wind power plant harmonic response and resonances<\/a>. <i>IET Electric Power Applications<\/i>. DOI: 10.1049\/iet-epa.2016.0241<!-- end ngIf: ::record.doi --><\/p>\n<p><span style=\"text-decoration: underline\">Egea-\u00c0lvarez A.<\/span>, Arag\u00fc\u00e9s-Pe\u00f1alba M., <span style=\"text-decoration: underline\">Gomis-Bellmunt O.<\/span>, Rull-Duran J., Sudri\u00e0-Andreu A.(2016) <a href=\"http:\/\/ieeexplore.ieee.org\/document\/7456545\/\" target=\"_blank\" rel=\"noopener noreferrer\">Sensorless control of a power converter for a cluster of small wind turbines<\/a>. <em>IET Renewable Power Generation<\/em>. DOI: 10.1049\/iet-rpg.2015.0036<\/p>\n<p>Mokhberdoran, A., Silva, N., Leite, H., &amp; Carvalho, A. (2016) <a href=\"https:\/\/www.teee.eu\/index.php\/TEEE\/article\/viewFile\/71\/49\" target=\"_blank\" rel=\"noopener noreferrer\">Unidirectional Protection Strategy for Multi-terminal HVDC Grids<\/a>. <i>Transactions on Environment and Electrical Engineering. <\/i>DOI: 10.22149\/teee.v1i4.71. This paper is available <a href=\"https:\/\/www.teee.eu\/index.php\/TEEE\/article\/view\/71\" target=\"_blank\" rel=\"noopener noreferrer\">open access<\/a>.<\/p>\n<p>Leterme, W., <span style=\"text-decoration: underline\">Pirooz Azad, S.<\/span>, <span style=\"text-decoration: underline\">Van Hertem, D.<\/span> (2016) <a href=\"http:\/\/ieeexplore.ieee.org\/document\/7435320\/\" target=\"_blank\" rel=\"noopener noreferrer\">A Local Backup Protection Algorithm for HVDC Grids<\/a>. <em>IEEE Transactions on Power Delivery<\/em>. DOI: 10.1109\/TPWRD.2016.2543306<!-- end ngIf: ::record.doi --><\/p>\n<p>Sakamuri J. N., Altin M., Hansen A.D., Cutululis N.A. (2016) <a href=\"http:\/\/digital-library.theiet.org\/content\/journals\/10.1049\/iet-rpg.2016.0433\" target=\"_blank\" rel=\"noopener noreferrer\">Coordinated frequency control from offshore wind power plants connected to multi terminal DC system considering wind speed variation<\/a>. <em>IET Renewable Power Generation<\/em>. DOI: 10.1049\/iet-rpg.2016.0433<\/p>\n<p>Ajabi-Farshbaf, R., Azizian, M. R., Shazdeh, S., &amp; <span style=\"text-decoration: underline\">Mokhberdoran, A.<\/span> (2016) <a href=\"http:\/\/www.ijrer.org\/ijrer\/index.php\/ijrer\/article\/view\/4013\/pdf\" target=\"_blank\" rel=\"noopener noreferrer\">Modelling of a New Configuration for DFIGs Using T-type Converters and a Predictive Control Strategy in Wind Energy Conversion Systems<\/a>. <i>International Journal of Renewable Energy Research (IJRER). <\/i>DOI: 10.1234\/ijrer.v6i3.4013.g6880. This paper is available <a href=\"http:\/\/www.ijrer.org\/ijrer\/index.php\/ijrer\/article\/view\/4013\/pdf\" target=\"_blank\" rel=\"noopener noreferrer\">open access<\/a>.<\/p>\n<p>Bayo Salas A., Beerten J., Rimez J., Van Hertem D. (2016) <a href=\"http:\/\/ieeexplore.ieee.org\/document\/7467049\/\" target=\"_blank\" rel=\"noopener noreferrer\">Analysis of control interactions in multi-infeed VSC HVDC connections<\/a>. <em>IET Generation, Transmission &amp; Distribution<\/em>. DOI: 10.1049\/iet-gtd.2015.0876<\/p>\n<p>G\u00f6ksu, \u00d6., <span style=\"text-decoration: underline\">Sakamuri, J. N.<\/span>, Rapp, C. A., <span style=\"text-decoration: underline\">S\u00f8rensen, P.<\/span>, &amp; Sharifabadi, K. (2016) <a href=\"http:\/\/www.sciencedirect.com\/science\/article\/pii\/S187661021630916X\" target=\"_blank\" rel=\"noopener noreferrer\">Cluster Control of Offshore Wind Power Plants Connected to a Common HVDC Station<\/a>.\u00a0<em>Energy Procedia<\/em>. DOI: 10.1016\/j.egypro.2016.09.230.\u00a0This text is available\u00a0<a href=\"http:\/\/www.sciencedirect.com\/science\/article\/pii\/S187661021630916X\" target=\"_blank\" rel=\"noopener noreferrer\">open access<\/a>.<\/p>\n<p>Raza, M., Sch\u00f6nleber,\u00a0K., &amp; Gomis-Bellmunt, O. (2016) <a href=\"http:\/\/www.mdpi.com\/1996-1073\/9\/10\/826\/htm\" target=\"_blank\" rel=\"noopener noreferrer\">Droop Control Design of Multi-VSC Systems for Offshore Networks to Integrate Wind Energy<\/a>. <i>Energies<\/i>. DOI: 10.3390\/en9100826. This article is available <a href=\"http:\/\/www.mdpi.com\/1996-1073\/9\/10\/826\/htm\" target=\"_blank\" rel=\"noopener noreferrer\">open access<\/a>.<\/p>\n<p><span style=\"text-decoration: underline\">Teixeira Pinto, R.<\/span>, Aragues-Penalba, M., <span style=\"text-decoration: underline\">Gomis-Bellmunt, O.<\/span>, &amp; <span style=\"text-decoration: underline\">Sumper, A.<\/span> (2016) <a href=\"http:\/\/ieeexplore.ieee.org\/document\/7501549\/?reload=true&amp;tp&amp;arnumber=7501549&amp;url=http:%2F%2Fieeexplore.ieee.org%2Fxpls%2Fabs_all.jsp%3Farnumber%3D7501549\" target=\"_blank\" rel=\"noopener noreferrer\">Optimal Operation of DC Networks to Support Power System Outage Management<\/a>.<em>\u00a0<\/em><em>IEEE Transactions on Smart Grid. <\/em>DOI: 10.1109\/TSG.2016.2586024. This paper is available <a href=\"http:\/\/futur.upc.edu\/18994175\" target=\"_blank\" rel=\"noopener noreferrer\">open access<\/a>.<\/p>\n<p>Pirooz Azad S., Leterme W., Van Hertem D (2016) <a href=\"http:\/\/www.sciencedirect.com\/science\/article\/pii\/S0378779616300505\" target=\"_blank\" rel=\"noopener noreferrer\">Fast breaker failure backup protection for HVDC grids<\/a>. <em>Electric Power Systems Research<\/em>. DOI: 10.1016\/j.epsr.2016.03.003<\/p>\n<p>Renner, R. H., &amp; Van Hertem, D. (2016) <a href=\"http:\/\/www.sciencedirect.com\/science\/article\/pii\/S0378779616000092\" target=\"_blank\" rel=\"noopener noreferrer\">Potential of using DC voltage restoration reserve for HVDC grids<\/a>. <i>Electric Power Systems Research<\/i>. DOI: 10.1016\/j.epsr.2016.01.006<\/p>\n<p>K. Sharifabadi, P. Adam, M. Ferraz, <span style=\"text-decoration: underline\">R. H. Renner<\/span> et al. (2016) <a href=\"http:\/\/www.e-cigre.org\/Order\/select.asp?ID=1706699\" target=\"_blank\" rel=\"noopener noreferrer\">Guidelines for the preparation of &#8220;connection agreements&#8221; or &#8220;Grid Codes&#8221; for multi-terminal DC schemes and DC Grids<\/a>. <em>Technical Brochure 657: CIGRE Working Group B4-56<\/em><\/p>\n<p>S. Rodrigues, C. Restrepo, G. Katsouris, <span style=\"text-decoration: underline\">R.Teixeira Pinto<\/span>, M. Soleimanzadeh, P. Bosman, P. Bauer (2016) <a href=\"http:\/\/www.mdpi.com\/1996-1073\/9\/3\/216\" target=\"_blank\" rel=\"noopener noreferrer\">A Multi-Objective Optimization Framework for Offshore Wind Farm Layouts and Electric Infrastructures<\/a>. <em>Energies Journal<\/em>. DOI: 10.3390\/en9030216. This paper is available <a href=\"http:\/\/www.mdpi.com\/1996-1073\/9\/3\/216\" target=\"_blank\" rel=\"noopener noreferrer\">open access<\/a>.<\/p>\n<p>Wenig, S., Rojas, F., <span style=\"text-decoration: underline\">Sch\u00f6nleber, K.<\/span>, Suriyah, M., &amp; Leibfried, T. (2016)<a href=\"http:\/\/ieeexplore.ieee.org\/stamp\/stamp.jsp?arnumber=7072482\"> Simulation Framework for DC Grid Control and ACDC Interaction Studies Based on Modular Multilevel Converters.<\/a> <i>IEEE Transactions on Power Delivery. <\/i>DOI:\u00a010.1109\/TPWRD.2015.2417681<i>.<\/i>\u00a0This paper is available\u00a0<a href=\"http:\/\/ieeexplore.ieee.org\/xpl\/articleDetails.jsp?tp=&amp;arnumber=7072482\">open access<\/a>.<\/p>\n<p>Adeuyi, O. D., <span style=\"text-decoration: underline\">Cheah-Mane, M.<\/span>, <span style=\"text-decoration: underline\">Liang, J.<\/span>, Livermore, L.,\u00a0<span style=\"text-decoration: underline\">Mu, Q.<\/span> (2015)<a href=\"http:\/\/ieeexplore.ieee.org\/document\/7072482\/?tp=&amp;arnumber=7072482\"> Preventing DC over-voltage in multi-terminal HVDC transmission<\/a>. <i>CSEE Journal of Power and Energy Systems<\/i>. DOI: <i>10.1109\/TPEL.2017.2688412<\/i>.This paper is available\u00a0<a href=\"http:\/\/www.csee.org.cn\/data\/CSEE_PAES\/download.html\">open access<\/a>.<\/p>\n<p>Renner, R. H.,\u00a0Van Hertem, D. (2015) <a href=\"http:\/\/ieeexplore.ieee.org\/document\/7173405\/\" target=\"_blank\" rel=\"noopener noreferrer\">Ancillary services in electric power systems with HVDC grids<\/a>. <i>IET Generation, Transmission &amp; Distribution<\/i>. DOI: 10.1049\/iet-gtd.2014.0423.<\/p>\n<p>Zheng, R., <span style=\"text-decoration: underline\">Li, G.<\/span>, <span style=\"text-decoration: underline\">Liang, J.<\/span> (2015) <a href=\"http:\/\/file.scirp.org\/pdf\/JPEE_2015041416284621.pdf\">Capability of TCSC on SSR Mitigation.<\/a>\u00a0<i>Journal of Power and Energy Engineering<\/i>, <i>3<\/i>(04), 232.\u00a0DOI: 10.4236\/jpee.2015.34032. This paper is available\u00a0<a href=\"http:\/\/file.scirp.org\/pdf\/JPEE_2015041416284621.pdf\">open access<\/a>.<\/p>\n","protected":false},"excerpt":{"rendered":"<p>T.Joseph, C. E. Ugalde-Loo, S. Balasubramaniam, J. Liang and G.Li, \u201cExperimental Validation of an Active Wideband SSR Damping Scheme for Series-Compensated Networks,\u201d IEEE Trans. Power Del., Jun. 2019. (Early Access) DOI: 10.1109\/TPWRD.2019.2924730 G.Li, J. Liang, F. Ma, C. E. Ugalde-Loo and H. Liang, \u201cAnalysis of Single-Phase-to-Ground Faults at the Valve Side of HB-MMC in HVDC<\/p>\n","protected":false},"author":5887,"featured_media":0,"parent":25,"menu_order":3,"comment_status":"closed","ping_status":"closed","template":"","meta":{"jetpack_post_was_ever_published":false,"footnotes":""},"class_list":["post-2002","page","type-page","status-publish","hentry"],"jetpack_shortlink":"https:\/\/wp.me\/P41kOo-wi","jetpack_sharing_enabled":true,"meta_box":[],"_links":{"self":[{"href":"https:\/\/sites.cardiff.ac.uk\/medow\/wp-json\/wp\/v2\/pages\/2002","targetHints":{"allow":["GET"]}}],"collection":[{"href":"https:\/\/sites.cardiff.ac.uk\/medow\/wp-json\/wp\/v2\/pages"}],"about":[{"href":"https:\/\/sites.cardiff.ac.uk\/medow\/wp-json\/wp\/v2\/types\/page"}],"author":[{"embeddable":true,"href":"https:\/\/sites.cardiff.ac.uk\/medow\/wp-json\/wp\/v2\/users\/5887"}],"replies":[{"embeddable":true,"href":"https:\/\/sites.cardiff.ac.uk\/medow\/wp-json\/wp\/v2\/comments?post=2002"}],"version-history":[{"count":61,"href":"https:\/\/sites.cardiff.ac.uk\/medow\/wp-json\/wp\/v2\/pages\/2002\/revisions"}],"predecessor-version":[{"id":2404,"href":"https:\/\/sites.cardiff.ac.uk\/medow\/wp-json\/wp\/v2\/pages\/2002\/revisions\/2404"}],"up":[{"embeddable":true,"href":"https:\/\/sites.cardiff.ac.uk\/medow\/wp-json\/wp\/v2\/pages\/25"}],"wp:attachment":[{"href":"https:\/\/sites.cardiff.ac.uk\/medow\/wp-json\/wp\/v2\/media?parent=2002"}],"curies":[{"name":"wp","href":"https:\/\/api.w.org\/{rel}","templated":true}]}}